-3*f + 2206 = -i*j - 1947. Is f a composite number?
True
Suppose 19 = 5*a - 1. Let h be a - (0/(-1))/2. Is (-27)/7 + h - (-5192)/14 a composite number?
True
Is 105348 + 6 + 25 + -8 a prime number?
False
Suppose 3*r = -5*g + 26, -6 = -g - 2. Suppose -r*w + 11986 = 4*i, -2*i + w - 3*w + 5996 = 0. Is i a prime number?
False
Let a(r) = -5*r - 77. Let q be a(-16). Suppose -q*d + 13583 = -7516. Is d a composite number?
True
Suppose -4*q + v + 3945 = 0, 2*q - v + 2950 = 5*q. Suppose 3698 + q = 7*d. Let f = -268 + d. Is f prime?
True
Suppose -2 = -m, 4*m + 30 = -a - a. Let j(v) = v + 15. Let h be j(a). Is 5502/28*h/(-6) prime?
True
Let u = -153 - -156. Is (-3129)/14*(-10)/u a composite number?
True
Let l = 160284 - 61903. Is l prime?
False
Suppose -4*i - 2324 = -32*i. Suppose -4*u - 567 = 5*q, -4*q - 72 = u + 67. Let z = i - u. Is z prime?
False
Suppose -2*m + o = -33, -19 - 38 = -4*m + 5*o. Is 1 + 5500 + m/3 composite?
False
Suppose -3*m + 25 = -5*v, 5*m + 4*v + 22 - 2 = 0. Suppose -2*o + 5*u - 2 = 9, 5*u - 15 = m. Suppose 2 = -o*t - 6, -2*l = t - 1178. Is l a prime number?
False
Let a be (-5*(-4)/50)/(22/165). Let w = 1 + 0. Is a/(w + (-12210)/12219) prime?
True
Suppose 2*w = -w. Suppose 6*b - 3*b - 6 = w. Suppose p - 4*o - 101 = -b*p, 4*o = 2*p - 66. Is p composite?
True
Let x(v) = 108168*v**2 - 270*v - 269. Is x(-1) a prime number?
False
Suppose -p = 209*g - 214*g + 170622, 2*g + p = 68239. Is g prime?
True
Suppose z + 16070 = -338. Let g = -3793 - z. Is (-3)/(-12) + g/20 a prime number?
True
Suppose 3*f + 4*w - 683517 = 0, -40*f + 45*f + 3*w = 1139195. Is f prime?
False
Suppose -69*c + 7162065 = -30*c + 6*c. Is c a prime number?
True
Let h be (-575624)/140 + (1 - (-4)/(-10)). Let w = h + 6474. Is w a prime number?
False
Let g(q) = 47*q**2 - 108*q + 5969. Is g(68) composite?
False
Suppose -2*a + 608 = 42. Suppose 0 = -c + l + a, -c + 3*l = -5*c + 1097. Is (c/(-4))/(-1 - 3/(-6)) composite?
False
Suppose 0 = -4*i + 18*i - 42. Suppose -37*w + 35*w + 4*x + 3406 = 0, i*x + 3410 = 2*w. Is w composite?
True
Let s be ((-3432)/220)/((-2)/65). Suppose s*q - 500*q = 247051. Is q prime?
False
Let l = -150 - -150. Suppose l = -7*z + 34*z - 68499. Is z a composite number?
True
Is -18*9/(-324)*(597241 - -1) composite?
False
Let g(t) = 1 + 4*t - 18*t**2 + 11*t**2 + 16*t + 8*t**2. Is g(6) a prime number?
True
Let j(i) = i**3 + 4*i**2 - i - 8. Suppose -3*n - 3*m - 18 = 0, 2*m = 5*n - 2*n - 2. Let r be j(n). Suppose -5*w = 4*c - 4847, -4*c + 973 = w - r*c. Is w prime?
True
Let z(f) = 5*f - 7. Let p be z(2). Suppose p*t = -4*x + 17435, 4*t + 3*x - 12478 - 10771 = 0. Is t a prime number?
True
Suppose -30*n + 184 = 16*n. Suppose -g + n*i = -31, 0 = -4*i - 19 - 1. Is g a prime number?
True
Suppose -5*m + 0 + 20 = 0. Let y be -2 + (m + -37)/(-3). Is (5 - y) + 154 + -1 a composite number?
False
Let q(w) = 21*w - 151. Let s be q(7). Is ((-9 - s) + -2662)/(-3) a composite number?
True
Let b(k) = 664*k - 1326 + 394*k + 1315. Is b(3) a composite number?
False
Let v(c) = 21*c**2 - 3*c**2 + 20*c - 5*c + c**3 + 0*c - 3. Is v(-14) composite?
False
Let z(y) = -4532*y + 105. Let c = -309 + 307. Is z(c) a composite number?
True
Let x = 35200 + 36247. Is x a prime number?
False
Suppose -2*b + 3*r = -275555, -248*b - 275559 = -250*b - r. Is b a composite number?
True
Let p be 6/(9/(-56) + 9/54). Suppose -4*d + p = -1940. Is d prime?
False
Let t = 640516 + -411813. Is t composite?
True
Let m be (-46422)/(-12)*88/11. Suppose -3*u + m = 9*u. Is u composite?
False
Let w(j) = -j - 9. Let t be w(-9). Suppose -25*m + 28*m - 9 = t. Suppose m*i = 845 + 1048. Is i prime?
True
Let l = 82 + -84. Let z be (2 - l)*4/(-8). Let k(r) = -135*r**3 + 2*r**2 + 3*r. Is k(z) a prime number?
False
Suppose 3*w - x - 7743 = 0, -91*w + 90*w + x = -2585. Is w a composite number?
False
Let g = -37385 - -894952. Is g composite?
False
Suppose 115*u + 5053375 = 140*u. Is u a prime number?
False
Let a = -19339 - -27926. Is a a prime number?
False
Is ((-77471)/(-2))/(12 - (-92)/(-8)) composite?
False
Is (-26 - -8) + 15 + 246310 + 4 prime?
False
Suppose 76*v - 64*v = 8256. Let x = 2421 - v. Is x composite?
False
Let f be 316/(-8)*(-14)/4*4. Suppose 3*b - f = 1466. Is b prime?
True
Let a(g) = -650899*g - 1880. Is a(-1) a composite number?
True
Let r(k) = -k + 39. Let l be r(15). Let z be 360/(-3)*(-4)/l*3. Suppose -1345 = -65*m + z*m. Is m prime?
True
Suppose -29*c - 516 = -30*c. Let r = 2243 + c. Is r prime?
False
Let x be (34/(-3))/(6/(-1 + 1063)). Let g = x - -3584. Let s = 2861 - g. Is s a prime number?
True
Is (-11 - (-16)/8) + 4*20609 composite?
True
Let f(o) = -8*o**2 - 7*o + 12. Let i be f(-6). Let k = 991 + i. Is k composite?
False
Suppose 41*i = 44*i - l - 1108532, 2*i + 2*l = 739024. Is i prime?
False
Let f = 198 - 417. Let s = f + 626. Is s prime?
False
Suppose 2*t = -5*b + 88, 11*b - 9*b - 2*t = 38. Suppose 0 = -b*v + 1335 + 6135. Is v a composite number?
True
Let c be 2*3 + 42 + -43. Suppose -5*a + 2265 = 4*d - 2968, c*d = a - 1064. Is a prime?
True
Suppose -2149*s = -2162*s + 4921813. Is s composite?
False
Let q = -303 - -305. Suppose 1068 + 1198 = q*r. Is r composite?
True
Let u(g) be the first derivative of 49*g**2/2 + 23*g - 29. Let w be u(6). Suppose 191 + w = 4*l. Is l composite?
False
Is -132101*(-9 - (-21 + 13)) prime?
False
Let d(a) = 106710*a**2 - 13*a - 25. Is d(-2) a prime number?
True
Let k(o) = 2562*o + 1219. Is k(14) composite?
False
Let f(t) = -t**3 - 47*t**2 - 35*t - 483. Is f(-58) a composite number?
True
Let t = -765 - -27734. Is t a composite number?
True
Let h(u) = 12*u - 20. Let f(d) = 5*d**2 - d. Let b be f(-1). Let j(a) = -13*a + 20. Let t(g) = b*j(g) + 5*h(g). Is t(-13) prime?
False
Let m(u) = 103453*u**2 - 3*u - 45. Is m(-2) composite?
True
Let n be 244/2318 + 110/38. Let o be 2/7 + (-14738)/(-14). Suppose r = -n*r + 4*s + 836, -5*r + o = -s. Is r prime?
True
Suppose -30*l - 2*j = -26*l - 43004, -2*l - 5*j = -21486. Suppose l = 7*o - 28510. Is o composite?
True
Let a(p) = -p**3 - 9*p**2 - 17*p - 5. Let l(n) = n**2 - 8*n - 18. Let g be l(10). Let d = -16 + g. Is a(d) a composite number?
False
Let v(k) = 147*k - 36. Suppose 0 = -4*f + 4*z + 8, 0 = -5*f + 4*z + 2 + 10. Let c be v(f). Is (-16)/(-2) + -3 + c composite?
False
Let x(s) be the second derivative of 25*s + 0 - 28/3*s**3 - 25/2*s**2. Is x(-9) a composite number?
False
Let d(u) = 364*u - 31. Let v be d(-8). Let a = v - -6302. Is a a prime number?
True
Suppose 0 = -155*r + 266*r - 4129977. Is r a composite number?
True
Let y = -295 - -289. Is (-5)/(-15) + 2 + (-2644)/y prime?
True
Let d = 48 - 21. Let f be 1/(-9) - (-3459)/d. Suppose c + 4*a = 49, -2*c + 0*c - 2*a = -f. Is c a composite number?
True
Is 49371 + ((-42)/5 - 3/((-120)/16)) a composite number?
False
Let i = -77111 - -111833. Suppose -8*b + i = 1706. Is b a composite number?
False
Suppose 0 = -25*o + 2*o + 3036. Is (10589/(-3))/(7 + o/(-18)) a composite number?
False
Let f = 139487 - 56565. Suppose -f = -60*r + 1540018. Is r a composite number?
True
Let w(y) = -y**2 + 24*y - 11. Let g = 159 - 112. Let k = -29 + g. Is w(k) composite?
False
Let k(b) = -19*b + 13. Let j be k(-18). Let d = j + -152. Is d a prime number?
False
Let n(s) = 70*s**2 + 117*s - 2822. Is n(35) prime?
False
Let w = -105 - -87. Is 21356 - (-18 - w - (-3 - -2)) composite?
True
Suppose 4*n + d = 18, 5*n = -4*d + 15 + 13. Suppose -3*k - 293 = -2*h, -2*h = -n*k - 380 + 86. Suppose 9*u = 703 - h. Is u prime?
False
Let q be (-12)/48 - 76/16. Let o(k) = -7667*k + 16. Is o(q) composite?
False
Let j = -21 - -26. Let o(c) = -4*c**3 - 13*c + 1 - j - 8*c**2 - 7 + c**3. Is o(-6) composite?
True
Let w(o) = o**2 - 4*o + 11. Let z be w(3). Suppose -5*n - g + 35607 = 0, 4*g = -0*g + z. Is n a prime number?
True
Let r = 565111 - 362996. Is r a composite number?
True
Let o(n) = -82 + n**3 - 920*n**2 + 8*n + 919*n**2 + 305. Is o(0) composite?
False
Let y(g) = 2*g**2 + 23*g + 73. Let v be y(-4). Let f(a) = a**3 + 11*a**2 - 44*a - 2. Is f(v) composite?
True
Suppose -m - 25 = -5*k, 3*k = 10*m - 12*m + 15. Suppose 3*g + k*g = 13256. Is g a composite number?
False
Let b(d) = -12 + 29*d - 17*d**2 + 67*d**3 + 126*d**3 - 17*d - 5*d**2. Is b(5) a composite number?
False
Let w = -162 - -161. Is (101845*6/30)/(w/(-1)) a c